{"id":381,"date":"2020-12-04T02:25:34","date_gmt":"2020-12-04T07:25:34","guid":{"rendered":"http:\/\/croisieres-julien-cloutier.com\/web\/?page_id=381"},"modified":"2022-03-26T18:18:42","modified_gmt":"2022-03-26T22:18:42","slug":"liens-utiles","status":"publish","type":"page","link":"https:\/\/croisieres-julien-cloutier.com\/web\/liens-utiles\/","title":{"rendered":"Liens utiles"},"content":{"rendered":"<p><a href=\"http:\/\/croisieres-julien-cloutier.com\/web\/wp-content\/uploads\/2022\/03\/1648086590726.jpg\" rel=\"attachment wp-att-455\"><img loading=\"lazy\" class=\"alignnone wp-image-651 size-medium\" src=\"http:\/\/croisieres-julien-cloutier.com\/web\/wp-content\/uploads\/2022\/03\/1648086590726-300x169.jpg\" alt=\"\" width=\"300\" height=\"169\" srcset=\"https:\/\/croisieres-julien-cloutier.com\/web\/wp-content\/uploads\/2022\/03\/1648086590726-300x169.jpg 300w, https:\/\/croisieres-julien-cloutier.com\/web\/wp-content\/uploads\/2022\/03\/1648086590726-1024x576.jpg 1024w, https:\/\/croisieres-julien-cloutier.com\/web\/wp-content\/uploads\/2022\/03\/1648086590726-768x432.jpg 768w, https:\/\/croisieres-julien-cloutier.com\/web\/wp-content\/uploads\/2022\/03\/1648086590726-500x281.jpg 500w, https:\/\/croisieres-julien-cloutier.com\/web\/wp-content\/uploads\/2022\/03\/1648086590726.jpg 1200w\" sizes=\"(max-width: 300px) 100vw, 300px\" \/><\/a><a href=\"http:\/\/croisieres-julien-cloutier.com\/web\/wp-content\/uploads\/2020\/12\/Sepaq.jpg\" rel=\"attachment wp-att-457\"><img loading=\"lazy\" class=\"alignnone wp-image-457\" src=\"http:\/\/croisieres-julien-cloutier.com\/web\/wp-content\/uploads\/2020\/12\/Sepaq-300x200.jpg\" alt=\"Sepaq\" width=\"255\" height=\"174\" \/><\/a><\/p>\n<p>Pour vous aider \u00e0 bien planifier vos vacances chez nous, voici quelques sites qui vous seront utiles.<\/p>\n<p>En saison pour les derni\u00e8res informations concernant nos croisi\u00e8res, suivez notre page Facebook :\u00a0<a href=\"https:\/\/www.facebook.com\/CroisiereJulienCloutier\" target=\"_blank\" rel=\"noopener\">Les Bateaux de Croisi\u00e8res Julien Cloutier Inc.<\/a><\/p>\n<p><a href=\"https:\/\/www.sepaq.com\/pq\/bon\/\" target=\"_blank\" rel=\"noopener\">Parc National de l&rsquo;\u00cele Bonaventure et du Rocher Perc\u00e9<\/a><\/p>\n<p><a href=\"https:\/\/perce.info\/\" target=\"_blank\" rel=\"noopener\">Tourisme Perc\u00e9<\/a><\/p>\n<p><a href=\"https:\/\/www.geoparcdeperce.com\/\" target=\"_blank\" rel=\"noopener\">G\u00e9oparc Mondial Unesco de Perc\u00e9<\/a><\/p>\n<p><a href=\"https:\/\/www.tourisme-gaspesie.com\/fr\/accueil.html\" target=\"_blank\" rel=\"noopener\">Tourisme Gasp\u00e9sie<\/a><\/p>\n<p><a href=\"https:\/\/www.quebecmaritime.ca\/\" target=\"_blank\" rel=\"noopener\">Qu\u00e9bec Maritime<\/a><\/p>\n<p><a href=\"https:\/\/www.bonjourquebec.com\/fr-ca\" target=\"_blank\" rel=\"noopener\">Bonjour Qu\u00e9bec<\/a><\/p>\n<p><a href=\"http:\/\/croisieres-julien-cloutier.com\/web\/wp-content\/uploads\/2020\/12\/GE\u0301OPARC-PERCE\u0301.jpg\" rel=\"attachment wp-att-454\"><img loading=\"lazy\" class=\"alignnone wp-image-454\" src=\"http:\/\/croisieres-julien-cloutier.com\/web\/wp-content\/uploads\/2020\/12\/GE\u0301OPARC-PERCE\u0301-300x197.jpg\" alt=\"GE\u0301OPARC-PERCE\u0301\" width=\"243\" height=\"160\" srcset=\"https:\/\/croisieres-julien-cloutier.com\/web\/wp-content\/uploads\/2020\/12\/GE\u0301OPARC-PERCE\u0301-300x197.jpg 300w, https:\/\/croisieres-julien-cloutier.com\/web\/wp-content\/uploads\/2020\/12\/GE\u0301OPARC-PERCE\u0301-457x300.jpg 457w, https:\/\/croisieres-julien-cloutier.com\/web\/wp-content\/uploads\/2020\/12\/GE\u0301OPARC-PERCE\u0301.jpg 700w\" sizes=\"(max-width: 243px) 100vw, 243px\" \/><\/a><a href=\"http:\/\/croisieres-julien-cloutier.com\/web\/wp-content\/uploads\/2020\/12\/Tourisme-Gasp\u00e9sie.jpg\" rel=\"attachment wp-att-456\"><img loading=\"lazy\" class=\"alignnone wp-image-456 size-medium\" src=\"http:\/\/croisieres-julien-cloutier.com\/web\/wp-content\/uploads\/2020\/12\/Tourisme-Gasp\u00e9sie-300x158.jpg\" alt=\"Tourisme Gasp\u00e9sie\" width=\"300\" height=\"158\" srcset=\"https:\/\/croisieres-julien-cloutier.com\/web\/wp-content\/uploads\/2020\/12\/Tourisme-Gasp\u00e9sie-300x158.jpg 300w, https:\/\/croisieres-julien-cloutier.com\/web\/wp-content\/uploads\/2020\/12\/Tourisme-Gasp\u00e9sie.jpg 310w\" sizes=\"(max-width: 300px) 100vw, 300px\" \/><\/a><\/p>\n","protected":false},"excerpt":{"rendered":"<p>Pour vous aider \u00e0 bien planifier vos vacances chez nous, voici quelques sites qui vous seront utiles. En saison pour les derni\u00e8res informations concernant nos croisi\u00e8res, suivez notre page Facebook :\u00a0Les Bateaux de Croisi\u00e8res Julien Cloutier Inc. Parc National de &hellip; <a href=\"https:\/\/croisieres-julien-cloutier.com\/web\/liens-utiles\/\">Continuer la lecture <span class=\"meta-nav\">&rarr;<\/span><\/a><\/p>\n","protected":false},"author":1,"featured_media":0,"parent":0,"menu_order":0,"comment_status":"closed","ping_status":"closed","template":"","meta":[],"_links":{"self":[{"href":"https:\/\/croisieres-julien-cloutier.com\/web\/wp-json\/wp\/v2\/pages\/381"}],"collection":[{"href":"https:\/\/croisieres-julien-cloutier.com\/web\/wp-json\/wp\/v2\/pages"}],"about":[{"href":"https:\/\/croisieres-julien-cloutier.com\/web\/wp-json\/wp\/v2\/types\/page"}],"author":[{"embeddable":true,"href":"https:\/\/croisieres-julien-cloutier.com\/web\/wp-json\/wp\/v2\/users\/1"}],"replies":[{"embeddable":true,"href":"https:\/\/croisieres-julien-cloutier.com\/web\/wp-json\/wp\/v2\/comments?post=381"}],"version-history":[{"count":7,"href":"https:\/\/croisieres-julien-cloutier.com\/web\/wp-json\/wp\/v2\/pages\/381\/revisions"}],"predecessor-version":[{"id":657,"href":"https:\/\/croisieres-julien-cloutier.com\/web\/wp-json\/wp\/v2\/pages\/381\/revisions\/657"}],"wp:attachment":[{"href":"https:\/\/croisieres-julien-cloutier.com\/web\/wp-json\/wp\/v2\/media?parent=381"}],"curies":[{"name":"wp","href":"https:\/\/api.w.org\/{rel}","templated":true}]}}