{"id":25,"date":"2013-06-02T17:17:40","date_gmt":"2013-06-02T21:17:40","guid":{"rendered":"http:\/\/croisieres-julien-cloutier.com\/web\/?page_id=25"},"modified":"2025-07-10T20:19:21","modified_gmt":"2025-07-11T00:19:21","slug":"accueil","status":"publish","type":"page","link":"https:\/\/croisieres-julien-cloutier.com\/web\/","title":{"rendered":"Accueil"},"content":{"rendered":"<p style=\"text-align:left;\"><a href=\"http:\/\/croisieres-julien-cloutier.com\/web\/wp-content\/uploads\/2013\/06\/IMG_25611.jpg\" rel=\"attachment wp-att-426\"><img loading=\"lazy\" class=\"alignnone wp-image-426\" src=\"http:\/\/croisieres-julien-cloutier.com\/web\/wp-content\/uploads\/2013\/06\/IMG_25611-300x225.jpg\" alt=\"IMG_2561[1]\" width=\"275\" height=\"206\" srcset=\"https:\/\/croisieres-julien-cloutier.com\/web\/wp-content\/uploads\/2013\/06\/IMG_25611-300x225.jpg 300w, https:\/\/croisieres-julien-cloutier.com\/web\/wp-content\/uploads\/2013\/06\/IMG_25611-768x576.jpg 768w, https:\/\/croisieres-julien-cloutier.com\/web\/wp-content\/uploads\/2013\/06\/IMG_25611-1024x768.jpg 1024w, https:\/\/croisieres-julien-cloutier.com\/web\/wp-content\/uploads\/2013\/06\/IMG_25611-400x300.jpg 400w\" sizes=\"(max-width: 275px) 100vw, 275px\" \/><\/a><\/p>\n<p><a href=\"http:\/\/croisieres-julien-cloutier.com\/web\/wp-content\/uploads\/2013\/06\/IMG_0741.jpg\" rel=\"attachment wp-att-429\"><img loading=\"lazy\" class=\"alignnone wp-image-429\" src=\"http:\/\/croisieres-julien-cloutier.com\/web\/wp-content\/uploads\/2013\/06\/IMG_0741-300x225.jpg\" alt=\"IMG_0741\" width=\"275\" height=\"206\" srcset=\"https:\/\/croisieres-julien-cloutier.com\/web\/wp-content\/uploads\/2013\/06\/IMG_0741-300x225.jpg 300w, https:\/\/croisieres-julien-cloutier.com\/web\/wp-content\/uploads\/2013\/06\/IMG_0741-768x576.jpg 768w, https:\/\/croisieres-julien-cloutier.com\/web\/wp-content\/uploads\/2013\/06\/IMG_0741-1024x768.jpg 1024w, https:\/\/croisieres-julien-cloutier.com\/web\/wp-content\/uploads\/2013\/06\/IMG_0741-400x300.jpg 400w\" sizes=\"(max-width: 275px) 100vw, 275px\" \/><\/a><\/p>\n<h2><span style=\"color:#ff0000;\"><strong>Il n&rsquo;y a aucune r\u00e9servation en ligne ou par t\u00e9l\u00e9phone. Il n&rsquo;y a aucune r\u00e9servation pour la croisi\u00e8re Tour du Rocher Perc\u00e9 et de l&rsquo;\u00eele Bonaventure. La r\u00e9servation pour la croisi\u00e8re d&rsquo;observation des baleines se fait sur place en billetterie \u00e0 l&rsquo;achat de votre billet. Pour plus d&rsquo;informations voir la section de la croisi\u00e8re souhait\u00e9e. Vous devez communiquer avec nous par courriel pour un groupe de 20 adultes et plus.<\/strong><\/span><strong> <\/strong><\/h2>\n<h2><strong>Aucun animal n&rsquo;est accept\u00e9 \u00e0 bord de nos bateaux.<\/strong><br \/>\n<\/h2>\n<h2><img loading=\"lazy\" class=\"wp-image-953 alignnone size-full\" src=\"https:\/\/croisieres-julien-cloutier.com\/web\/wp-content\/uploads\/2025\/06\/chien_interdit4367861528146784197.png\" width=\"1051\" height=\"1051\" srcset=\"https:\/\/croisieres-julien-cloutier.com\/web\/wp-content\/uploads\/2025\/06\/chien_interdit4367861528146784197.png 1051w, https:\/\/croisieres-julien-cloutier.com\/web\/wp-content\/uploads\/2025\/06\/chien_interdit4367861528146784197-300x300.png 300w, https:\/\/croisieres-julien-cloutier.com\/web\/wp-content\/uploads\/2025\/06\/chien_interdit4367861528146784197-1024x1024.png 1024w, https:\/\/croisieres-julien-cloutier.com\/web\/wp-content\/uploads\/2025\/06\/chien_interdit4367861528146784197-150x150.png 150w, https:\/\/croisieres-julien-cloutier.com\/web\/wp-content\/uploads\/2025\/06\/chien_interdit4367861528146784197-768x768.png 768w\" sizes=\"(max-width: 1051px) 100vw, 1051px\" \/><\/h2>\n<p><strong>En op\u00e9ration de la mi mai \u00e0 la mi octobre.<\/strong><\/p>\n<p><a href=\"https:\/\/croisieres-julien-cloutier.com\/web\/tarif\/\">Tarifs<\/a><\/p>\n<p><a href=\"https:\/\/croisieres-julien-cloutier.com\/web\/horaire\/\">Horaire<\/a><\/p>\n<p style=\"text-align:left;\">Les Bateaux de Croisi\u00e8res Julien Cloutier Inc. vous am\u00e8ne \u00e0 la d\u00e9couverte des merveilles du littoral gasp\u00e9sien. Il y a tellement de beaut\u00e9s naturelles concentr\u00e9es dans un m\u00eame endroit, c&rsquo;est \u00e0 couper le souffle! Le Rocher Perc\u00e9, qui pr\u00e9sente ses falaises fragiles \u00e0 la force du temps, l&rsquo;ile Bonaventure, qui prot\u00e8ge ses tr\u00e9sors et que dire de la c\u00f4te de Perc\u00e9 avec ses monticules et montagnes, qui vous feront d\u00e9couvrir une g\u00e9ologie unique.<\/p>\n<p style=\"text-align:left;\">Visiter Perc\u00e9 sans visiter ses eaux c&rsquo;est manquer l&rsquo;essence profonde d&rsquo;un village de p\u00eacheur. Depuis des centaines d&rsquo;ann\u00e9es des navigateurs de partout sur le globe sont venus admirer ses beaut\u00e9s. C&rsquo;est maintenant \u00e0 votre tour et il nous fait plaisir d&rsquo;y participer.<\/p>\n<p style=\"text-align:left;\">Embarquez avec nous pour des croisi\u00e8res de d\u00e9couvertes. Tour du Rocher Perc\u00e9 et de l&rsquo;\u00eele Bonaventure, observation des mammif\u00e8res marins et croisi\u00e8res priv\u00e9es sont \u00e0 votre disposition pour vous faire vivre la magie.<\/p>\n<p>Bienvenue \u00e0 bord.<\/p>\n<h2><strong>LA CROISI\u00c8RE TOUR DU ROCHER PERC\u00c9 ET DE L&rsquo;\u00ceLE BONAVENTURE comment \u00e7a marche?<\/strong><br \/>\n<\/h2>\n<p>1- <strong>NON<\/strong> il n&rsquo;y a aucune r\u00e9servation possible. On ach\u00e8te le billet en billetterie c&rsquo;est tout merci beaucoup!<\/p>\n<p>2- Il y a <strong>UNE<\/strong> Traverse en direct par jour vers le quai de l&rsquo;\u00eele. Le matin avec les employ\u00e9s du parc national. L&rsquo;horaire entre 8h45 et 9h00. C&rsquo;est bon pour les habitu\u00e9s, les press\u00e9s, les l\u00e8ves t\u00f4t et les naus\u00e9eux en mer. (15 min) Pour l&rsquo;horaire c&rsquo;est ici : <a href=\"https:\/\/croisieres-julien-cloutier.com\/web\/horaire\/\">Horaire<\/a><\/p>\n<p>3- Il y a plusieurs d\u00e9part pour la <strong>CROISI\u00c8RE AUTOUR<\/strong> du Rocher Perc\u00e9 et de l&rsquo;\u00eele Bonaventure. C&rsquo;est pour aller voir la roche avec un trou de plus pr\u00e8s puis aussi le tour de l&rsquo;\u00eele avec les milliers d&rsquo;oiseaux qui nichent derri\u00e8re, il y a m\u00eame des phoques! \u00c7a dure 1h00 avant d&rsquo;arriver au quai de l&rsquo;\u00eele Bonaventure. L&rsquo;horaire est variable selon le moment de la saison. Horaire en cours ici : <a href=\"https:\/\/croisieres-julien-cloutier.com\/web\/horaire\/\">Horaire<\/a> \u00c0 v\u00e9rifier un peu avant votre arriv\u00e9e \u00e0 Perc\u00e9. Description d\u00e9taill\u00e9 de la croisi\u00e8re ici : <a href=\"https:\/\/croisieres-julien-cloutier.com\/web\/croisiere-rocher-perce-et-ile-bonaventure\/\">Croisiere<\/a><\/p>\n<p>4 &#8211; <strong>TOUS<\/strong> les bateaux de cette croisi\u00e8re font escale \u00e0 l&rsquo;\u00eele Bonaventure. \u00c0 ce moment, c&rsquo;est \u00e0 vous de d\u00e9cider si vous descendez ou pas pour visiter le Parc national de l&rsquo;\u00eele Bonaventure. Si oui! Bonne visite. Vous aurez droit \u00e0 plusieurs retour dans la journ\u00e9e jusqu&rsquo;\u00e0 la fermeture du parc national. Horaire des retours ici : <a href=\"https:\/\/croisieres-julien-cloutier.com\/web\/horaire\/\">Horaire<\/a> Si non! Restez assis \u00e0 votre si\u00e8ge. Le bateau repartira dans quelques minutes. (15 min retour \u00e0 Perc\u00e9)<\/p>\n<p>5 &#8211; Les d\u00e9parts se font sur le quai de Perc\u00e9, qui se trouve au bout de la rue du Quai. Pratique! Mais! Cette rue est pi\u00e9tonne. Ouvrez l&rsquo;oeil il y a quelques signes de P$ parmi les nombreuses affiches commerciales du village ou mieux laisser la voiture \u00e0 votre h\u00e9bergement si possible.<\/p>\n<p>6 &#8211; Pour acheter votre billet. Pr\u00e9sentez vous \u00e0 une des billetteries que vous croiserez en vous dirigeant \u00e0 pied vers la rue du Quai, qui est une rue pi\u00e9tonne, le saviez vous? (Le nombre de billetteries ouvertes varie selon le moment de la saison) Il y a une billetterie sur la rue du Quai. Tr\u00e8s pratique! Les prix sont ici : <a href=\"https:\/\/croisieres-julien-cloutier.com\/web\/tarif\/\">Tarifs<\/a><\/p>\n<p>7 &#8211; Notre tarif ne comprend pas l&rsquo;acc\u00e8s au Parc National de l&rsquo;\u00eele Bonaventure et le tarif du Parc national ne comprend pas la croisi\u00e8re. Nous sommes deux entit\u00e9s diff\u00e9rentes. Nos tarifs sont ici : <a href=\"https:\/\/croisieres-julien-cloutier.com\/web\/tarif\/\">Tarifs<\/a><\/p>\n<p>8 &#8211; Ce sont des billets ouverts. Pas de date et pas d&rsquo;heure. C&rsquo;est pour cette raison qu&rsquo;il est impossible de r\u00e9server! Vous achetez quand vous voulez et vous utilisez quand vous voulez. Simple!<\/p>\n<p>9 &#8211; Minimum de 10 \u00e0 15 minutes avant le d\u00e9part choisi pr\u00e9sentez vous, avec votre billet en main, au bout du quai. Vous y trouverez probablement une file de gens qui sont s\u00fbrement l\u00e0 pour la m\u00eame raison que vous. Joignez-vous \u00e0 eux et c\u00e9l\u00e9brez votre d\u00e9part prochain! Restez en haut pour attendre le d\u00e9but de l&#8217;embarquement. Pour votre s\u00e9curit\u00e9 ne pas descendre sans une invitation des membres d&rsquo;\u00e9quipage.<\/p>\n<p>10 &#8211; Nous travaillons en bateau <strong>AUTOUR<\/strong> de l&rsquo;\u00eele. Si vous souhaitez y descendre. Les informations pour le Parc National de l&rsquo;\u00eele Bonaventure et du Rocher Perc\u00e9 sont sur leur site internet ici : <a href=\"https:\/\/www.sepaq.com\/pq\/bon\/\">https:\/\/www.sepaq.com\/pq\/bon\/<\/a><\/p>\n<p>11 &#8211; Durant la haute saison (date variable), nous offrons \u00e0 nos clients l&rsquo;opportunit\u00e9 de prendre une navette qui vous vous am\u00e8nera de votre h\u00e9bergement jusqu&rsquo;au quai de Perc\u00e9 et vice et versa. (Valide seulement pour les adresses dont les num\u00e9ros civiques sont compris entre 1 et 400 de la route 132 Ouest) Le tarif de la navette est \u00e0 votre discr\u00e9tion. Navette en service \u00e0 partir de 8h30 jusqu&rsquo;\u00e0 17h30. Parlez-en \u00e0 la r\u00e9ception de votre h\u00e9bergement.<\/p>\n<p>Bienvenue \u00e0 bord.<\/p>\n<p>P.S.<\/p>\n<p>Conseils de pros :<\/p>\n<p>\u2022Le capitaine est ma\u00eetre sur son bateau.<\/p>\n<p>\u2022 Vous \u00eates le premier en file. Super! Vous devez attendre l&rsquo;invation des membres d&rsquo;\u00e9quipage pour entrer ou sortir d&rsquo;un bateau.<\/p>\n<p>\u2022La temp\u00e9rature peut chuter de 10 degr\u00e9s en mer. Vaut mieux plus de couches \u00e0 enlever et ajouter que de claquer des dents.<\/p>\n<p>\u2022Il est interdit de fumer sur un bateau, m\u00eame si vous \u00eates \u00ab\u00a0dehors\u00a0\u00bb vous \u00eates quand m\u00eame assis sur une grosse cuve pleine de carburant.<\/p>\n<p>\u2022S&rsquo;enfermer dans les toilettes d&rsquo;un bateau quand on a le mal de mer est une tr\u00e8s mauvaise id\u00e9e. Demandez un sac \u00e0 un membre d&rsquo;\u00e9quipage, rester \u00e0 l&rsquo;air frais et on RESPIRE. Et surtout si vous utilisez le sac ne le jeter pas par dessus bord. Piti\u00e9!<\/p>\n<p>\u2022\u00c7a bouge moins quand nous sommes sur le pont inf\u00e9rieur.<\/p>\n<p>\u2022Il est interdit de courir \u00e0 bord des bateaux ou de monter debout sur les bancs.<\/p>\n<p>\u2022La plus grosse p\u00e9riode d&rsquo;achalandage est de la mi-juillet \u00e0 la mi-ao\u00fbt. Eh oui, m\u00eame apr\u00e8s les vacances de la construction. Si vous voyagez \u00e0 cette p\u00e9riode et surtout si vous souhaitez visiter l&rsquo;\u00eele, arrivez t\u00f4t.<\/p>\n<p>\u2022L&rsquo;\u00eele Bonaventure ne se visite pas en 30 minutes. Pr\u00e9voyez au minimum 3h00 sur l&rsquo;\u00eele. Minimum 6.6 km de marche aller-retour. On peut facilement y passer la journ\u00e9e. Pr\u00e9voyez aussi de l&rsquo;eau.<\/p>\n<p>\u2022Les responsables de l&rsquo;\u00eele ferment l&rsquo;acc\u00e8s aux sentiers deux heures avant la fermeture du parc. La croisi\u00e8re dure une heure. 2+1= Faut bien pr\u00e9voir le coup. S&rsquo;il est trop tard, il est trop tard!<\/p>\n<p>Bonne croisi\u00e8re!<\/p>\n<p><!--\/data\/user\/0\/com.samsung.android.app.notes\/files\/clipdata\/clipdata_bodytext_201207_234420_526.sdocx--><\/p>\n<p><a href=\"http:\/\/croisieres-julien-cloutier.com\/web\/wp-content\/uploads\/2013\/06\/100_2513.jpg\" rel=\"attachment wp-att-427\"><img loading=\"lazy\" class=\"alignnone wp-image-427\" src=\"http:\/\/croisieres-julien-cloutier.com\/web\/wp-content\/uploads\/2013\/06\/100_2513-300x225.jpg\" alt=\"100_2513\" width=\"267\" height=\"200\" srcset=\"https:\/\/croisieres-julien-cloutier.com\/web\/wp-content\/uploads\/2013\/06\/100_2513-300x225.jpg 300w, https:\/\/croisieres-julien-cloutier.com\/web\/wp-content\/uploads\/2013\/06\/100_2513-768x576.jpg 768w, https:\/\/croisieres-julien-cloutier.com\/web\/wp-content\/uploads\/2013\/06\/100_2513-1024x768.jpg 1024w, https:\/\/croisieres-julien-cloutier.com\/web\/wp-content\/uploads\/2013\/06\/100_2513-400x300.jpg 400w\" sizes=\"(max-width: 267px) 100vw, 267px\" \/><\/a><a href=\"http:\/\/croisieres-julien-cloutier.com\/web\/wp-content\/uploads\/2013\/06\/20201208_0243291.jpg\" rel=\"attachment wp-att-425\"><img loading=\"lazy\" class=\"alignnone wp-image-425\" src=\"http:\/\/croisieres-julien-cloutier.com\/web\/wp-content\/uploads\/2013\/06\/20201208_0243291-300x204.jpg\" alt=\"20201208_024329[1]\" width=\"289\" height=\"197\" srcset=\"https:\/\/croisieres-julien-cloutier.com\/web\/wp-content\/uploads\/2013\/06\/20201208_0243291-300x204.jpg 300w, https:\/\/croisieres-julien-cloutier.com\/web\/wp-content\/uploads\/2013\/06\/20201208_0243291-768x523.jpg 768w, https:\/\/croisieres-julien-cloutier.com\/web\/wp-content\/uploads\/2013\/06\/20201208_0243291-1024x697.jpg 1024w, https:\/\/croisieres-julien-cloutier.com\/web\/wp-content\/uploads\/2013\/06\/20201208_0243291-441x300.jpg 441w, https:\/\/croisieres-julien-cloutier.com\/web\/wp-content\/uploads\/2013\/06\/20201208_0243291.jpg 1667w\" sizes=\"(max-width: 289px) 100vw, 289px\" \/><\/a><\/p>\n","protected":false},"excerpt":{"rendered":"<p>Il n&rsquo;y a aucune r\u00e9servation en ligne ou par t\u00e9l\u00e9phone. Il n&rsquo;y a aucune r\u00e9servation pour la croisi\u00e8re Tour du Rocher Perc\u00e9 et de l&rsquo;\u00eele Bonaventure. La r\u00e9servation pour la croisi\u00e8re d&rsquo;observation des baleines se fait sur place en billetterie &hellip; <a href=\"https:\/\/croisieres-julien-cloutier.com\/web\/\">Continuer la lecture <span class=\"meta-nav\">&rarr;<\/span><\/a><\/p>\n","protected":false},"author":1,"featured_media":0,"parent":0,"menu_order":0,"comment_status":"closed","ping_status":"closed","template":"sidebar-page.php","meta":[],"_links":{"self":[{"href":"https:\/\/croisieres-julien-cloutier.com\/web\/wp-json\/wp\/v2\/pages\/25"}],"collection":[{"href":"https:\/\/croisieres-julien-cloutier.com\/web\/wp-json\/wp\/v2\/pages"}],"about":[{"href":"https:\/\/croisieres-julien-cloutier.com\/web\/wp-json\/wp\/v2\/types\/page"}],"author":[{"embeddable":true,"href":"https:\/\/croisieres-julien-cloutier.com\/web\/wp-json\/wp\/v2\/users\/1"}],"replies":[{"embeddable":true,"href":"https:\/\/croisieres-julien-cloutier.com\/web\/wp-json\/wp\/v2\/comments?post=25"}],"version-history":[{"count":39,"href":"https:\/\/croisieres-julien-cloutier.com\/web\/wp-json\/wp\/v2\/pages\/25\/revisions"}],"predecessor-version":[{"id":958,"href":"https:\/\/croisieres-julien-cloutier.com\/web\/wp-json\/wp\/v2\/pages\/25\/revisions\/958"}],"wp:attachment":[{"href":"https:\/\/croisieres-julien-cloutier.com\/web\/wp-json\/wp\/v2\/media?parent=25"}],"curies":[{"name":"wp","href":"https:\/\/api.w.org\/{rel}","templated":true}]}}