{"id":203,"date":"2020-12-03T03:15:20","date_gmt":"2020-12-03T08:15:20","guid":{"rendered":"http:\/\/croisieres-julien-cloutier.com\/web\/?page_id=203"},"modified":"2025-06-30T16:17:16","modified_gmt":"2025-06-30T20:17:16","slug":"english","status":"publish","type":"page","link":"https:\/\/croisieres-julien-cloutier.com\/web\/english\/","title":{"rendered":"English"},"content":{"rendered":"<p style=\"text-align:left;\"><a href=\"http:\/\/croisieres-julien-cloutier.com\/web\/wp-content\/uploads\/2013\/06\/IMG_25611.jpg\" rel=\"attachment wp-att-426\"><img loading=\"lazy\" class=\"alignnone wp-image-426\" src=\"http:\/\/croisieres-julien-cloutier.com\/web\/wp-content\/uploads\/2013\/06\/IMG_25611-300x225.jpg\" alt=\"IMG_2561[1]\" width=\"275\" height=\"206\" srcset=\"https:\/\/croisieres-julien-cloutier.com\/web\/wp-content\/uploads\/2013\/06\/IMG_25611-300x225.jpg 300w, https:\/\/croisieres-julien-cloutier.com\/web\/wp-content\/uploads\/2013\/06\/IMG_25611-768x576.jpg 768w, https:\/\/croisieres-julien-cloutier.com\/web\/wp-content\/uploads\/2013\/06\/IMG_25611-1024x768.jpg 1024w, https:\/\/croisieres-julien-cloutier.com\/web\/wp-content\/uploads\/2013\/06\/IMG_25611-400x300.jpg 400w\" sizes=\"(max-width: 275px) 100vw, 275px\" \/><\/a><\/p>\n<p><a href=\"http:\/\/croisieres-julien-cloutier.com\/web\/wp-content\/uploads\/2013\/06\/IMG_0741.jpg\" rel=\"attachment wp-att-429\"><img loading=\"lazy\" class=\"alignnone wp-image-429\" src=\"http:\/\/croisieres-julien-cloutier.com\/web\/wp-content\/uploads\/2013\/06\/IMG_0741-300x225.jpg\" alt=\"IMG_0741\" width=\"275\" height=\"206\" srcset=\"https:\/\/croisieres-julien-cloutier.com\/web\/wp-content\/uploads\/2013\/06\/IMG_0741-300x225.jpg 300w, https:\/\/croisieres-julien-cloutier.com\/web\/wp-content\/uploads\/2013\/06\/IMG_0741-768x576.jpg 768w, https:\/\/croisieres-julien-cloutier.com\/web\/wp-content\/uploads\/2013\/06\/IMG_0741-1024x768.jpg 1024w, https:\/\/croisieres-julien-cloutier.com\/web\/wp-content\/uploads\/2013\/06\/IMG_0741-400x300.jpg 400w\" sizes=\"(max-width: 275px) 100vw, 275px\" \/><\/a><\/p>\n<h2><span style=\"color:#ff0000;\">There are no reservations online or by phone. There are no reservations for the Perc\u00e9 Rock and Bonaventure Island cruise. Reservations for the whale watching cruise are made on site at the ticket office when you purchase your ticket. For more information see the section of the desired cruise. You must communicate with us by email for a group of 20 adults or more.<\/span><\/h2>\n<h2><strong>No animals are accepted on board our boats.<\/strong><br \/>\n<\/h2>\n<p><img loading=\"lazy\" src=\"https:\/\/croisieres-julien-cloutier.com\/web\/wp-content\/uploads\/2025\/06\/chien_interdit4367861528146784197.png\" width=\"1051\" height=\"1051\" class=\"wp-image-953 alignnone size-full\" srcset=\"https:\/\/croisieres-julien-cloutier.com\/web\/wp-content\/uploads\/2025\/06\/chien_interdit4367861528146784197.png 1051w, https:\/\/croisieres-julien-cloutier.com\/web\/wp-content\/uploads\/2025\/06\/chien_interdit4367861528146784197-300x300.png 300w, https:\/\/croisieres-julien-cloutier.com\/web\/wp-content\/uploads\/2025\/06\/chien_interdit4367861528146784197-1024x1024.png 1024w, https:\/\/croisieres-julien-cloutier.com\/web\/wp-content\/uploads\/2025\/06\/chien_interdit4367861528146784197-150x150.png 150w, https:\/\/croisieres-julien-cloutier.com\/web\/wp-content\/uploads\/2025\/06\/chien_interdit4367861528146784197-768x768.png 768w\" sizes=\"(max-width: 1051px) 100vw, 1051px\" \/><strong>In operation from mid May to mid October<\/strong><\/p>\n<p><a href=\"https:\/\/croisieres-julien-cloutier.com\/web\/price\/\">Prices<\/a><br \/>\n<a href=\"https:\/\/croisieres-julien-cloutier.com\/web\/schedule\/\">Schedule<\/a><\/p>\n<p style=\"text-align:left;\">Les Bateaux de Croisi\u00e8res Julien Cloutier Inc. will take you to discover the wonders of the Gasp\u00e9 coast. There are so many natural beauties concentrated in one place, it&rsquo;s breathtaking! Perc\u00e9 Rock, which presents its fragile cliffs to the force of time, Bonaventure Island, which protect its treasures and what to say about the Perc\u00e9 coast with its mounds and mountains, which will make you discover a unique geology.<\/p>\n<p style=\"text-align:left;\">To visit Perc\u00e9 without visiting its waters is to miss the deep essence of a fishing village. For hundreds of years, sailors from all over the globe have come to admire its beauties. Now it&rsquo;s your turn and we are happy to participate.<\/p>\n<p style=\"text-align:left;\">Embark with us on discovery cruises. Tour of Perc\u00e9 Rock and Bonaventure Island, observation of marine mammals and private cruises are available to make you experience the magic.<\/p>\n<p style=\"text-align:left;\">Welcome aboard.<\/p>\n<p><strong>THE CRUISE TO ROCHER PERC\u00c9 AND BONAVENTURE ISLAND how does it work?<\/strong><\/p>\n<p>1- <strong>NO<\/strong>, reservations are not possible. You buy the ticket at the ticket office, that\u2019s it, thank you very much!<\/p>\n<p>2- There is <strong>ONE<\/strong> direct crossing per day to the island wharf. In the morning with the national park employees. The schedule is between 8:45 a.m. and 9:00 a.m. It&rsquo;s good for regulars, those in a hurry, those who get up early and those who are nauseous at sea. (It&rsquo;s last 15 min) For the schedule, it&rsquo;s here: <a href=\"https:\/\/croisieres-julien-cloutier.com\/web\/schedule\/\">Schedule<\/a><\/p>\n<p>3- There are several departures for the <strong>CRUISE<\/strong> <strong>AROUND<\/strong> Rocher Perc\u00e9 and Bonaventure Island. It\u2019s to go see the rock with a hole up close and then also tour the island with the thousands of birds nesting behind it, there are even seals! It lasts 1 hour before arriving at the Bonaventure Island wharf. The schedule varies depending on the time of the season. Current schedule here: <a href=\"https:\/\/croisieres-julien-cloutier.com\/web\/schedule\/\">Schedule<\/a> Check a little before your arrival in Perc\u00e9. Detailed description of the cruise here: <a href=\"https:\/\/croisieres-julien-cloutier.com\/web\/cruise-around-perce-rock-and-bonaventure-island\/\">Cruise<\/a><\/p>\n<p>4 &#8211; ALL boats for this cruise stop at Bonaventure Island. At this point, it is up to you to decide whether or not you go down to visit Bonaventure Island National Park. If yes! Good visit. You will be entitled to several returns during the day until the national park closes. Returns schedule here: <a href=\"https:\/\/croisieres-julien-cloutier.com\/web\/schedule\/\">Schedule<\/a> If not! Stay seated in your seat. The boat will leave in a few minutes. (15 min return to Perc\u00e9)<\/p>\n<p>5 &#8211; Departures are from the Quai de Perc\u00e9, which is at the end of rue du Quai. Practical! But! This street is pedestrian. Keep your eyes open for some P$ signs among the many commercial signs in the village or better leave the car at your accommodation if possible.<\/p>\n<p>6 &#8211; To buy your ticket. Go to one of the ticket offices that you come across while heading on foot towards rue du Quai, which is a pedestrian street, did you know that? (The number of ticket offices open varies depending on the time of the season) There is a ticket office on rue du Quai. Very convenient! The prices are here: <a href=\"https:\/\/croisieres-julien-cloutier.com\/web\/price\/\">Prices<\/a><\/p>\n<p>7 &#8211; Our rate does not include access to the Bonaventure Island National Park and the National Park rate does not include the cruise. We are two different entities. Our prices are here : <a href=\"https:\/\/croisieres-julien-cloutier.com\/web\/price\/\">Prices<\/a><\/p>\n<p>8 &#8211; These are open tickets. No date and no time. This is why it is impossible to book! You buy it when you want and you use it when you want. Simple!<\/p>\n<p>9 &#8211; AT LEAST 10 to 15 minutes before the chosen departure, present yourself, with your ticket in hand, at the end of the wharf. You will probably find a line of people there, who are probably there for the same reason as you. Join them and celebrate your upcoming departure! Stay at the top to wait for boarding to begin. For your security do not walk down without an invitation from the crew members.<\/p>\n<p>10 &#8211; We work by boat <strong>AROUND<\/strong> the island. If you want to go down there. Information for the Bonaventure Island and Rocher Perc\u00e9 National Park is on their website here: https:\/\/www.sepaq.com\/pq\/bon\/<\/p>\n<p>Welcome aboard.<\/p>\n<p>P.S.<\/p>\n<p>Pro tips:<\/p>\n<p>\u2022The captain is master of his boat.<\/p>\n<p>\u2022 You are first in line. Great! You must wait for the invitation of crew members to enter or exit a boat.<\/p>\n<p>\u2022The temperature can drop by 10 degrees at sea. Better to take off and add more layers than to chatter your teeth.<\/p>\n<p>\u2022Smoking is prohibited on a boat, even if you are \u00ab\u00a0outside\u00a0\u00bb you are still sitting on a large tank full of fuel.<\/p>\n<p>\u2022Locking yourself in the toilet of a boat when you are seasick is a very bad idea. Ask a crew member for a bag, stay in the fresh air and BREATHE. And especially if you use the bag, do not throw it overboard. Pity!<\/p>\n<p>\u2022It moves less when we are on the lower deck.<\/p>\n<p>\u2022It is forbidden to run on board the boats or stand up on the benches.<\/p>\n<p>\u2022The busiest period is from mid-July to mid-August. Yes, even after the construction holidays. If you are traveling at this time and especially want to visit the island, arrive early.<\/p>\n<p>\u2022Bonaventure Island cannot be visited in 30 minutes. Allow at least 3 hours on the island. Minimum 6.6 km round trip walk. You can easily spend the day there. Bring water.<\/p>\n<p>\u2022Island officials close access to the trails two hours before the park closes. The cruise lasts one hour. 2+1= You have to plan ahead. If it&rsquo;s too late, it&rsquo;s too late!<\/p>\n<p>Happy cruising!<\/p>\n<p><!--\/data\/user\/0\/com.samsung.android.app.notes\/files\/clipdata\/clipdata_bodytext_201215_185553_156.sdocx--><\/p>\n<p><a href=\"http:\/\/croisieres-julien-cloutier.com\/web\/wp-content\/uploads\/2013\/06\/100_2513.jpg\" rel=\"attachment wp-att-427\"><img loading=\"lazy\" class=\"alignnone wp-image-427\" src=\"http:\/\/croisieres-julien-cloutier.com\/web\/wp-content\/uploads\/2013\/06\/100_2513-300x225.jpg\" alt=\"100_2513\" width=\"275\" height=\"206\" srcset=\"https:\/\/croisieres-julien-cloutier.com\/web\/wp-content\/uploads\/2013\/06\/100_2513-300x225.jpg 300w, https:\/\/croisieres-julien-cloutier.com\/web\/wp-content\/uploads\/2013\/06\/100_2513-768x576.jpg 768w, https:\/\/croisieres-julien-cloutier.com\/web\/wp-content\/uploads\/2013\/06\/100_2513-1024x768.jpg 1024w, https:\/\/croisieres-julien-cloutier.com\/web\/wp-content\/uploads\/2013\/06\/100_2513-400x300.jpg 400w\" sizes=\"(max-width: 275px) 100vw, 275px\" \/><\/a><a href=\"http:\/\/croisieres-julien-cloutier.com\/web\/wp-content\/uploads\/2013\/06\/20201208_0243291.jpg\" rel=\"attachment wp-att-425\"><img loading=\"lazy\" class=\"alignnone wp-image-425\" src=\"http:\/\/croisieres-julien-cloutier.com\/web\/wp-content\/uploads\/2013\/06\/20201208_0243291-300x204.jpg\" alt=\"20201208_024329[1]\" width=\"281\" height=\"191\" srcset=\"https:\/\/croisieres-julien-cloutier.com\/web\/wp-content\/uploads\/2013\/06\/20201208_0243291-300x204.jpg 300w, https:\/\/croisieres-julien-cloutier.com\/web\/wp-content\/uploads\/2013\/06\/20201208_0243291-768x523.jpg 768w, https:\/\/croisieres-julien-cloutier.com\/web\/wp-content\/uploads\/2013\/06\/20201208_0243291-1024x697.jpg 1024w, https:\/\/croisieres-julien-cloutier.com\/web\/wp-content\/uploads\/2013\/06\/20201208_0243291-441x300.jpg 441w, https:\/\/croisieres-julien-cloutier.com\/web\/wp-content\/uploads\/2013\/06\/20201208_0243291.jpg 1667w\" sizes=\"(max-width: 281px) 100vw, 281px\" \/><\/a><\/p>\n","protected":false},"excerpt":{"rendered":"<p>There are no reservations online or by phone. There are no reservations for the Perc\u00e9 Rock and Bonaventure Island cruise. Reservations for the whale watching cruise are made on site at the ticket office when you purchase your ticket. For &hellip; <a href=\"https:\/\/croisieres-julien-cloutier.com\/web\/english\/\">Continuer la lecture <span class=\"meta-nav\">&rarr;<\/span><\/a><\/p>\n","protected":false},"author":1,"featured_media":0,"parent":0,"menu_order":0,"comment_status":"closed","ping_status":"closed","template":"sidebar-page.php","meta":[],"_links":{"self":[{"href":"https:\/\/croisieres-julien-cloutier.com\/web\/wp-json\/wp\/v2\/pages\/203"}],"collection":[{"href":"https:\/\/croisieres-julien-cloutier.com\/web\/wp-json\/wp\/v2\/pages"}],"about":[{"href":"https:\/\/croisieres-julien-cloutier.com\/web\/wp-json\/wp\/v2\/types\/page"}],"author":[{"embeddable":true,"href":"https:\/\/croisieres-julien-cloutier.com\/web\/wp-json\/wp\/v2\/users\/1"}],"replies":[{"embeddable":true,"href":"https:\/\/croisieres-julien-cloutier.com\/web\/wp-json\/wp\/v2\/comments?post=203"}],"version-history":[{"count":15,"href":"https:\/\/croisieres-julien-cloutier.com\/web\/wp-json\/wp\/v2\/pages\/203\/revisions"}],"predecessor-version":[{"id":955,"href":"https:\/\/croisieres-julien-cloutier.com\/web\/wp-json\/wp\/v2\/pages\/203\/revisions\/955"}],"wp:attachment":[{"href":"https:\/\/croisieres-julien-cloutier.com\/web\/wp-json\/wp\/v2\/media?parent=203"}],"curies":[{"name":"wp","href":"https:\/\/api.w.org\/{rel}","templated":true}]}}